 = 4*v - j. What is the remainder when 82 is divided by v?
16
Let h(s) = -s**2 + 4*s + 99. Let r be h(12). Suppose r*j + 23*j - 52 = 0. Calculate the remainder when 111 is divided by j.
1
Let m = -6329 + 15303. Calculate the remainder when m is divided by 264.
262
Let y = -9356 + 9360. Let t = 184 - 124. What is the remainder when t is divided by y?
0
Let b be (-2)/7 + ((-8838)/(-14) - 3). Let s = b - 370. What is the remainder when s is divided by 87?
84
What is the remainder when -20*(1963/(-65) + -21) is divided by 150?
124
Let d = 5191 + -4379. What is the remainder when d is divided by 267?
11
Let i(b) = -2*b**3 - 135*b**2 + 1461*b + 44. Calculate the remainder when 1176 is divided by i(-77).
186
Let h = 49 + -19. Let n(p) = -156*p - 8. Let r(j) = -j + 3. Let g be r(4). What is the remainder when n(g) is divided by h?
28
Let t(m) = 2*m**2 - 12*m - 10. Let z be t(7). Suppose -4*w + 167 = b - 176, z*b - 1288 = 5*w. Calculate the remainder when b is divided by 41.
40
Suppose -5*a + 2*a + 195 = -4*v, 222 = 3*a + 5*v. Let j = 34176 + -34164. What is the remainder when a is divided by j?
9
Suppose 0 = -63*w + 40*w + 10672. Calculate the remainder when w is divided by 78.
74
Let m(l) = -49*l - 5 + 93*l - l**3 - 43*l + 2*l**2. What is the remainder when m(-3) is divided by 4?
1
Let p(x) = x + 21. Let s be p(-18). Suppose -s*r - 1380 = -13*r. Calculate the remainder when r is divided by 37.
27
Let o(l) = 59*l - 22. Let g be o(10). Let r = -529 + g. Let h(t) = 29*t**2 - t - 2. Calculate the remainder when h(-2) is divided by r.
38
Suppose h - 3*h = -200. Suppose -2 = -k, -4*c + 2*k + 38 + 62 = 0. Calculate the remainder when h is divided by c.
22
Let n = 724 + -118. What is the remainder when n is divided by 87?
84
Let h = 17109 + 7705. Calculate the remainder when h is divided by 22.
20
Suppose 15*l - 112 = -22. Suppose 325 = l*d - 2*d - v, 345 = 4*d - 5*v. Calculate the remainder when d is divided by 27.
26
Let k = 2133 - 1618. Calculate the remainder when k is divided by 112.
67
Let i(c) = -822*c + 2474. What is the remainder when 677 is divided by i(3)?
5
Suppose 4*t - 15 = -2*r - t, 4*t = -2*r + 14. Suppose -4 + 499 = r*z. Suppose -s - 38*s + 780 = 0. Calculate the remainder when z is divided by s.
19
Calculate the remainder when 549 is divided by ((-555)/(-24))/(3/312*13).
179
What is the remainder when 697 - (-4 - 1)*656/820 is divided by 166?
37
Suppose 6*x = -25*x + 25048. Let t = x - 803. Calculate the remainder when 278 is divided by t.
3
Suppose 474 = -z - l + 483, 0 = z + 4*l + 39. Let u = -142 - -338. Calculate the remainder when u is divided by z.
21
Suppose 587 + 2116 = 21*c + 32*c. Suppose 5*s = 25, 6*s - s = 4*g - 551. Calculate the remainder when g is divided by c.
42
Suppose -109*y = d - 114*y - 104, 0 = -d + 3*y + 102. What is the remainder when 140 is divided by d?
41
Let g be (21/6 + -3)/1*36. Calculate the remainder when 116 is divided by (g/2)/((-14)/(910/(-15))).
38
Let t = 1882 - 1102. Calculate the remainder when t is divided by 9.
6
Let j(m) = -44*m**2 - m. Let w be j(-1). Let o = -78 - w. Let g = 52 + o. What is the remainder when g is divided by 7?
3
Calculate the remainder when (-4)/18 - 333/(-405) - 84408/(-20) is divided by 44.
41
Let k(q) = q**3 - 2*q**2 - 4*q - 1. Suppose 637 = 8*f + 141. Suppose 236 - f = 3*w. Calculate the remainder when w is divided by k(4).
13
Let b(k) = k**3 + 5*k**2 - 2*k - 3. Let o be b(-5). Let v(u) = -29*u + 37*u + 1 - 1 + 6*u**2 - 7*u**2 + 4. What is the remainder when 97 is divided by v(o)?
9
Let c(k) = 13*k - 33*k**3 + 11*k**3 - 16*k + 2. Let s be c(1). Let n = 49 + s. Calculate the remainder when n is divided by 8.
2
Suppose 717 = 3*w + 4*k, 669 = 3*w + 59*k - 63*k. Calculate the remainder when w is divided by 14.
7
Suppose p + 17 = -f - 74, 3*f + 255 = 3*p. Calculate the remainder when 115 is divided by (f/(-10) + -2)*(-10)/(-4).
13
Suppose 3551*v = 3659*v - 11880. Suppose 2*w = 18 + 92. Calculate the remainder when v is divided by w.
0
Suppose 10*t = -2*t + 792. Let s = t - 55. What is the remainder when s is divided by 10?
1
Suppose 60 = 4*r - 52. Suppose -309 = -3*h + 2*t - 0*t, 3*t = 4*h - 411. Calculate the remainder when h is divided by r.
21
Let d be (3 + 0)*(-3 - 40/(-15)). Let u be (4 + -3)/((-1)/3)*d. Suppose 4*w - i - 88 = u*w, -i + 280 = 3*w. Calculate the remainder when w is divided by 19.
16
Suppose f + x - 10 = 0, 0*f - 25 = -f - 4*x. Suppose 0*h + 345 = 5*h + f*o, 0 = o - 3. Suppose 11 + 25 = 2*b. What is the remainder when h is divided by b?
12
Let g = 3247 - 3136. Calculate the remainder when g is divided by 56.
55
Suppose 2*j + 5*t - 101 = 0, -196*j = -195*j - 3*t - 34. Calculate the remainder when j is divided by 4/(-22) - 3060/(-132).
20
Suppose 4*z - 18 = 14. What is the remainder when (-22 + (-76)/(-6))*(-6)/7 is divided by z?
0
Let j(x) = -69*x - 1. Let s = 1370 + -1173. What is the remainder when s is divided by j(-1)?
61
Suppose -9 + 144 = 45*f. Let a(d) = d**3 + 6*d**2 + 3*d - 3. What is the remainder when a(-4) is divided by f?
2
Let y(j) = j**3 + 4*j**2 - 5*j + 2. Let c be y(-5). Let i be (c/2)/((-25)/(-15) + -2). Calculate the remainder when 73 is divided by 40 - (i/3 + 4).
36
Suppose 13*l - a = 12*l - 888, -5*l - 2*a - 4426 = 0. Calculate the remainder when (l/3 + -7)*-3 is divided by 13.
10
Let z = -50 + 83. Calculate the remainder when 16025/250 - 2/20 is divided by z.
31
Suppose -3*k - 6 = -5*f - 0, 2*f - 2 = k. Suppose f = -19*c + 15*c + 992. What is the remainder when c is divided by 42?
38
Let w = 1054 - 1033. Let k(l) = -5*l + 5. Suppose -2*q - 6 = 8. Calculate the remainder when k(q) is divided by w.
19
Let f(g) = g**3 - 18*g**2 + 39*g - 364. What is the remainder when 198 is divided by f(17)?
8
Suppose 64*n - 3528 = 60*n. What is the remainder when n is divided by 15?
12
Let x(k) = -k - 9. Let w(q) = -q - 7. Let j(n) = -4*w(n) + 3*x(n). Calculate the remainder when 45 is divided by j(11).
9
Suppose -16*w - 31636 = -103*w - 3796. Calculate the remainder when w is divided by 228.
92
Let o = 66 - -179. What is the remainder when o is divided by 30?
5
Let i = 782 + -998. Let v = 103 - i. Calculate the remainder when v is divided by 16.
15
Let n(y) = -13*y - 1. Let j(s) = s**2 + 152*s + 5436. Calculate the remainder when j(-95) is divided by n(-1).
9
Suppose -115*g + 111*g - 392 = -2*s, -192 = -s + 4*g. Calculate the remainder when 211 is divided by s.
11
Let p = 10 + 7. Let b = p + 13. Let v = -29 + b. What is the remainder when 2 is divided by v?
0
Let h = 7872 - 5481. What is the remainder when h is divided by 795?
6
Suppose 0 = 3*m - 4*x - 1081, -405*m - 1072 = -408*m - 5*x. Calculate the remainder when m is divided by 49.
16
Let y(n) = -2*n**2 - 258*n - 4804. What is the remainder when y(-23) is divided by 3?
0
Let h(f) = -f**3 - 8*f**2 + 7*f + 16. Let a be h(-9). Suppose -40*n + 156 = -a*n. What is the remainder when 74 is divided by n?
22
Let z(w) = 15*w - 26. Let l be z(18). Suppose 4*h - l = 88. Suppose 4*a = 46 + 10. What is the remainder when h is divided by a?
13
Suppose 0 = -45*m + 55*m - 40. What is the remainder when 54 is divided by (58/m)/(51/102)?
25
Suppose 3*t - 6*t = -150. Let r = 138 - t. What is the remainder when r is divided by 18?
16
Let m(l) = l**3 - 2*l**2 - 24*l - 6. Calculate the remainder when 170 is divided by m(-3).
2
Suppose 5*l - 2149 = -4*o - 112, -l - 2079 = -4*o. Calculate the remainder when o is divided by 46.
12
Let c = 46 - 46. Suppose 6*b - 27 + 9 = c. Suppose b*o - 5*k - 19 = 0, -5*o + k = -3*o - 8. What is the remainder when 9 is divided by o?
0
Let n = 25252 - 25238. What is the remainder when 265 is divided by n?
13
Suppose 0 = -27*a - 96*a + 323859. What is the remainder when a is divided by 875?
8
Suppose 2*f = 3*l - 31949, -15*f + 19*f - 20 = 0. Calculate the remainder when l is divided by 48.
45
Let q = -2556 - -2565. Calculate the remainder when (8 - -457) + (-1 - -1) is divided by q.
6
Let v = -209 + 292. Suppose -4*h + c + v = 0, -3*c = -h - c + 12. What is the remainder when 547 is divided by h?
19
Let w(y) = -116*y + 3194. What is the remainder when w(0) is divided by 78?
74
Let m be 152/40 + 12/(-15). Suppose m*j + 231 = 282. What is the remainder when 338 is divided by j?
15
Let l(s) = -